ainder when 14 is divided by j.
2
Let q(o) = -4*o**3 - o**2 - o. Let l = -29 + 19. Let b = l + 26. What is the remainder when q(-2) is divided by b?
14
Suppose -5*b - 14 - 31 = 0. Let j be (-92)/b - (-4)/(-18). What is the remainder when j*1*(-33)/(-6) is divided by 19?
17
Suppose -5*r - 71 = -6. Let z(n) = -n**2 - 13*n + 14. Suppose -2*b = -b - 41. What is the remainder when b is divided by z(r)?
13
Let c = -21 + 56. Suppose -2*y + 5*d = -45, 2 = d - 3*d. Suppose 5*j + y - 80 = 0. Calculate the remainder when c is divided by j.
11
Calculate the remainder when -2 + 25 + (2 - 4) is divided by 12.
9
Suppose -2*r - 5*f - 1 + 30 = 0, -4*r - 3*f = -51. Calculate the remainder when 46 is divided by r.
10
Suppose 0 = -r + 3 + 13. Let y(t) = -t**3 + 6*t**2 + 6*t - 6. Let n(u) = u. Let j(a) = -4*n(a) + y(a). What is the remainder when r is divided by j(6)?
4
Suppose -2*f - 76 = -4*w - 4*f, -5*w + 97 = 3*f. Suppose 2*d + 245 = 5*j, j + 4*d = 32 + 17. Calculate the remainder when j is divided by w.
15
Let w(m) = 5*m + 4. Let y be w(3). Let g = y + -7. What is the remainder when 22 is divided by g?
10
Suppose m - 4*m = -6. Suppose -10 = q - m. Let a = q - -18. What is the remainder when 27 is divided by a?
7
Let z be (-4)/(-3)*(-6)/(-4). Suppose z = 2*l - 8. Suppose h + 5*c = 18, 0*c = l*h + c - 90. Calculate the remainder when h is divided by 7.
4
Let p(b) = b**3 - 10*b**2 + 11*b - 2. Suppose -u = -6*u + 20. Suppose -c - 4*s = -8*s - 21, -u*s = 12. Calculate the remainder when p(9) is divided by c.
7
Let a(r) = r**3 + 7*r**2 - 11*r - 10. Let o be a(-8). Calculate the remainder when 542/o + (-2)/(-7) is divided by 20.
19
Suppose 5*g = a + 9, -4*a - 1 = -3*g + 1. Suppose 2*c = -2*t + 5 + 1, -5*t + 3*c - a = 0. Suppose t = -m + 3. Calculate the remainder when m is divided by 2.
0
Let z be -2*(-2 + 11/2). Let w = -4 - z. Calculate the remainder when 26 is divided by 2/w - 25/(-3).
8
Suppose 32 = 13*t - 5*t. Calculate the remainder when t is divided by ((-6)/3)/((-2)/3).
1
Let p(k) = k**2 + 6*k + 6. Let c be p(-4). Calculate the remainder when c/4 + (-41)/(-2) is divided by 10 + (3 + 0 - 2).
9
Suppose -4*j + 52 = -0*j - 4*x, 4*x - 23 = -j. Calculate the remainder when j is divided by 6.
3
Let p(g) = g**2 - 4*g + 5. Calculate the remainder when p(3) is divided by 1.
0
Let z be (-3)/(-2)*(-80)/(-12). Suppose -p + 8 + z = 0. What is the remainder when p is divided by 5?
3
Suppose 0 = 4*g - 43 - 9. Suppose -i = -6*i. Suppose y + 5 - 10 = i. What is the remainder when g is divided by y?
3
Let n = -161 + 174. Let c = 110 + -60. What is the remainder when c is divided by n?
11
Suppose -5*t = -10*t + 5. Let o be (5 + t)*(-3)/(-9). Suppose -5*x = h - 36, -x = x - o*h - 24. What is the remainder when x is divided by 3?
2
What is the remainder when (-9)/((-9)/3) - (-61 + 3) is divided by 13?
9
Let n = 8 + -4. Let x be (-6)/9 - (-148)/6. Let h = x - 13. Calculate the remainder when h is divided by n.
3
Let j = -1 + 1. Suppose j*v = -v - 109. Let b = -72 - v. Calculate the remainder when b is divided by 19.
18
Suppose -3*p = -21 - 21. Calculate the remainder when 82 is divided by p.
12
Let m(n) = -n + 13. Let r be m(7). What is the remainder when 27 is divided by 3/r - 27/(-2)?
13
Suppose -6*j + j - 15 = -5*s, 0 = 2*s + 2*j - 6. Calculate the remainder when 8 is divided by s.
2
Let f(v) = v**3 - 2*v**2 - 5*v + 4. Let a be 3 + 1 + 0/(-1). Let p = -21 + 52. Calculate the remainder when p is divided by f(a).
15
Calculate the remainder when 0 + 196/12 - (-4)/6 is divided by ((-1 - 0) + 0)*-9.
8
Calculate the remainder when 49 is divided by 11 + 2*2/(-4).
9
Let c(x) = -x**3 - 5*x**2 - 4*x - 7. Let m be c(-3). Let n = m - -18. What is the remainder when 18 is divided by n?
3
Let c be 3 + (-1 - (-2)/(-1)). Let p = c + 2. Suppose -t + 4*b + 3 + 0 = 0, 2*b - p = 0. Calculate the remainder when 26 is divided by t.
5
Let c = 4 - -2. Let y be 1/5 + (-404)/20. What is the remainder when (-1)/(-1 - 18/y) is divided by c?
4
Let i = -11 - -17. What is the remainder when i is divided by 2?
0
Let p = -25 - -17. Let y = 11 - 3. Calculate the remainder when p/16 - (-90)/4 is divided by y.
6
Suppose 0 = 4*p + a - 362, -5*a + 99 + 255 = 4*p. Suppose -p = -5*n - m, -4*n + 27 = m - 45. What is the remainder when (3 + -5)/((-2)/56) is divided by n?
18
Let u = -21 - -34. Suppose 0 = -3*s - 2*s + 15. Suppose s*m = 3*x - 6, -x - 2*x - 3*m + 24 = 0. What is the remainder when u is divided by x?
3
Let z(b) = -2*b**3 - b - 1. Let m(s) = 2*s**2 + 6*s - 7. What is the remainder when m(-7) is divided by z(-2)?
15
Let z = 41 + -14. Suppose -2*l = -2*f + 2*l + 6, -39 = -5*f + 4*l. Suppose -r = a - f, -5*r + 6*a + 82 = 2*a. Calculate the remainder when z is divided by r.
13
Let t = -15 - -29. Suppose -21 - 33 = -d. Calculate the remainder when d is divided by t.
12
Let h(v) = -v**2 - 7*v + 4. What is the remainder when 15 is divided by h(-7)?
3
Let v = 6 + 10. Let m = -56 + 40. Let i = -10 - m. Calculate the remainder when v is divided by i.
4
Let b = -6 - -12. Let p be b/4*-2 + 6. Suppose 4*o - p*o = 1. Calculate the remainder when 1 is divided by o.
0
Let g(a) = a**2 - 7*a + 17. Calculate the remainder when 135 is divided by g(7).
16
Suppose -11 = -0*r - r. Let x = 16 - r. Suppose i = 2*v + 13, i = -4*v - 8 - 9. What is the remainder when x is divided by i?
2
Let h = -125 - -156. What is the remainder when 64 is divided by h?
2
Let f(v) = v**3 - 2*v**2 + 6*v - 2. Let p(l) = 3*l + 2. Let c be p(6). Let y = -6 + c. What is the remainder when f(4) is divided by y?
12
Suppose 420 = b + 3*b. Suppose 0*r = 5*r - b. Calculate the remainder when 82 is divided by r.
19
Suppose 27 + 113 = 4*f. Suppose 4*r - 7 = i + 38, 0 = i - 3. What is the remainder when f is divided by r?
11
Suppose -l - 17 = -46. What is the remainder when l is divided by 10?
9
Let j be (1 - -1)*3/2. Let l = 40 + -35. Suppose -l*b + z + 112 = 0, 0 = j*z - 9. What is the remainder when b is divided by 6?
5
Suppose 2*a + o = 53, -30 = -a + 3*o - 0*o. Calculate the remainder when 49 is divided by a.
22
Let n(t) = 2*t + 26. Calculate the remainder when 47 is divided by n(-10).
5
Suppose -198 = -6*f - 5*f. What is the remainder when 53 is divided by f?
17
Let b be -6*((-10)/4 + 2). Suppose -5*v = 5*j - 60, 0 = 5*j - b*j + 3*v - 27. Calculate the remainder when 35 is divided by j.
8
Suppose 9 = z + 4*k - 1, 0 = -z - k + 19. Let w = -16 + z. What is the remainder when (-47)/(-3) + (-3)/(-9) is divided by w?
4
Let g = 36 - 34. What is the remainder when 3 is divided by g?
1
What is the remainder when 29 - (-2 - -2)/(-4) is divided by ((-3)/(-3))/((-1)/(-15))?
14
Let c(i) = -i**3 - 6*i**2 - 5*i + 4. Let g be c(-5). Let r = 0 + g. Suppose -r + 14 = 5*j. Calculate the remainder when 5 is divided by j.
1
Let l(x) = -3*x + 0*x - 12 + 3 - x. What is the remainder when 27 is divided by l(-4)?
6
Let i(u) = 3*u**2 + 2*u + 2. Suppose 4*r - 2*r = 3*a - 8, -3*a = 3*r - 33. Suppose -2*g = a - 30. Calculate the remainder when i(3) is divided by g.
11
Let n(l) be the second derivative of 13*l**4/6 - l**3/6 + l. What is the remainder when n(1) is divided by 7?
4
Let r(l) = 3*l - 3. Let q be (-4 - -2)/((-2)/4). Calculate the remainder when 25 is divided by r(q).
7
Let p(c) = 2*c**3 + 11*c**2 + 6*c - 3. What is the remainder when 40 + (-1 + 0)/(-1) is divided by p(-4)?
20
Let i(p) = 10*p - 1. Suppose 4*k + k - 30 = 0. Let f(r) = r**2 - r - 4. What is the remainder when f(k) is divided by i(1)?
8
What is the remainder when 79 is divided by (7 - (5 - 5)) + 3?
9
Let d(m) = -9*m - 8. Let f(u) be the first derivative of u**2/2 + 16*u + 4. What is the remainder when d(-6) is divided by f(0)?
14
Let q be (-54)/12 - 1/(-2). Calculate the remainder when 10/q*(-92)/10 is divided by 12.
11
Let k(g) = g**2 + 5*g - 1. Let u be k(-5). Let s(m) = -m**2 + 6*m - 1. Calculate the remainder when 19 + ((-1)/u)/1 is divided by s(4).
6
Let j = -17 + 25. Let x = 13 - j. Calculate the remainder when 18 is divided by x.
3
Let o(l) = l - 11. Let c be o(6). Let g = 26 + c. Suppose 4*m - 9*m = -60. Calculate the remainder when g is divided by m.
9
Let c be 322/77 + (-4)/22. Suppose c*d + 6 - 10 = 0. Calculate the remainder when d is divided by 1.
0
Let k(b) be the first derivative of -1/3*b**3